 Let r(m) be the third derivative of -7/24*m**4 + 0*m - 11*m**2 + p - 1/60*m**5 - m**3. What is r(-6)?
0
Let o(t) = -7*t - 11. Let i be 107/(-214)*7/((-21)/30). Calculate o(i).
-46
Let b(r) = -11*r - 75. Let h(z) = -303*z + 1510. Let s be h(5). Determine b(s).
-20
Suppose 0 = 5*j - 3*i + 21, -4*j + 2*j = -4*i + 14. Suppose 0 = 973*z - 970*z - 15. Let r(l) = -4 + z - 3 + 0 - 5*l. What is r(j)?
13
Let f be 4/(-6) - 768/(-72). Let l(v) = 140*v - 277*v + f + 138*v. Determine l(-9).
1
Let q(g) = -2*g**2 + 99*g - 129. Let o(f) = -2*f - 1. Let d(r) = -3*o(r) - q(r). Let x be d(45). Let k(p) = -p**2 - 3*p. Calculate k(x).
0
Let s(t) = t**3 - 62*t**2 - 559*t - 73. Let k be s(70). Let l(w) = -w**3 - 2*w**2 - 5*w - 13. What is l(k)?
11
Let f(a) = -a - 8. Let m = -10921 - -10919. Give f(m).
-6
Let u(n) = n**3 + 9*n**2 - n - 1. Let s(a) be the third derivative of -a**6/120 + 13*a**5/60 - a**4 + 13*a**3/6 + 54*a**2. Let h be s(11). Give u(h).
8
Let i(m) be the first derivative of -m**2/2 + 12*m - 31. Suppose -2*x - 33 = 39. Let a = x - -43. Calculate i(a).
5
Let w(n) = n**2 - 3*n + 4. Let f be -155 + 15/(-18)*-6. Let u be (-60)/f*(8 + 2). Calculate w(u).
8
Let p(t) = -t**2 + t - 4. Let k be p(0). Let q(s) = 46*s**3 - 7*s**2 + s - 26. Let m(w) = -9*w**3 + 2*w**2 - w + 5. Let a(v) = 5*m(v) + q(v). Give a(k).
-1
Let d(u) = -12*u**2 + 33 + 48*u**2 - 9*u**2 - 16*u**2 - 12*u**2 - 9*u. Determine d(-12).
-3
Suppose -i + 2*q - 13 = 4, -5*i + 4*q - 91 = 0. Let j(g) = -g - 16. Let p be j(i). Let x(k) = -3 + 171784*k + 3 - 171789*k. Calculate x(p).
-15
Suppose -2*b = -8*b + 102. Let s = 1 + b. Let x be 3*2/s - (-14)/3. Let i(p) = p - 1. Calculate i(x).
4
Let t(f) = -10*f - 101. Let b(w) = -w - 14. Let u(q) = 9*b(q) - t(q). What is u(7)?
-18
Let u(s) = 33*s + 3. Let g be u(0). Let y(n) = -n**2 - 25*n + 48*n - g - 17*n. Give y(4).
5
Suppose 5*u = 8*u - 33. Suppose s - 3*p + p - u = 0, -2 = 2*s + 2*p. Let r(h) = 1 + h**s - 2*h - 8*h**2 + 4 + 9*h. What is r(7)?
5
Let n(j) = -j - 1. Let c = -585 - -582. Let l(x) = -6*x - 5. Let t = -1 + 2. Let u(q) = c*n(q) + t*l(q). Determine u(5).
-17
Suppose 10*q = 37 + 23. Let z(l) = -9*l**2 + 14*l**3 + 3*l + 4 + q*l**3 - 19*l**3 - 2*l. What is z(9)?
13
Let c(u) be the first derivative of -u**3/3 + 11*u**2/2 - 16*u + 991. Determine c(9).
2
Let m(h) = -8*h**3 + 9*h**3 + 9300*h**2 - 5 + h - 9294*h**2. Let u = -16 + 12. Calculate m(u).
23
Let l(q) = q**2 + 11*q + 50. Let j be -16 - 90/(-54)*(5 + 1). What is l(j)?
20
Let g(s) = 100*s**3 - 39*s**3 - 3 + 6*s - 32*s**3 - 2*s + 9*s**2 - 31*s**3. Calculate g(5).
-8
Suppose 4*i + 12 = f - 4, 3*f - 4*i - 16 = 0. Let z(l) = l - 8 + f*l + 8 - 3. Suppose 23 = b - 4*a - a, -29 = -4*b - a. Determine z(b).
5
Let b(s) = -15*s + 57. Let w(h) = 156*h - 7956. Let y be w(51). Determine b(y).
57
Let z be (4/8)/((-38)/(-12) - 3). Let f(w) = 4 - 10*w - 2*w**3 + 2*w**2 + w**z + w**2 + 4*w. Determine f(2).
-4
Let r(n) be the second derivative of 15/2*n**2 - 1/20*n**5 + 11/6*n**3 - 3/4*n**4 + 2*n - 1. Calculate r(-10).
5
Let u(t) = -t - 4. Let l(i) = 1. Suppose -118 - 17 = -15*p. Let c(s) = p*l(s) + 4*u(s). Give c(-5).
13
Let d(r) be the second derivative of -5*r**3/3 + r**2 + r. Suppose -2*q - 16 = -2*j, -5*q = -4*j - 450 + 493. Determine d(j).
32
Suppose 4*g - 3 = 33. Suppose 2 = -20*k - 23*k + 2. Let q(h) = k*h + 0 - g*h + 8*h - 1. Determine q(0).
-1
Suppose 0 = -2*p + 3*a - 19, -p - 35 = 3*p - 5*a. Let t(h) be the second derivative of h**5/20 + h**4/2 + h**3 + 3*h**2 - 531*h - 2. Give t(p).
1
Let z(f) = 3*f + 4. Let c(j) = -j**3 + 10*j**2 + 13*j + 25. Let u be c(11). Let w(x) = -x**2 + 19*x - 5. Let k be w(16). Let h = k - u. What is z(h)?
-8
Suppose -5*i = -3*z + 354 + 1337, -4*i - 1354 = -2*z. Let x be i/(-20) - (0 - 0). Let m = -19 + x. Let h(y) = -y - 1. Calculate h(m).
1
Let a(f) be the third derivative of f**4/24 - 2*f**3/3 - 3*f**2. Let x(y) = y**3 + 6*y**2 - 5*y - 8. Let r be x(-6). Let s be (-74)/(-26) + r/143. Give a(s).
-1
Suppose -2*h = n - 16, 5*n + 2 = 3*h + n. Let v(b) be the first derivative of 6*b + 1/4*b**4 + 2*b**2 + 20 - 7/3*b**3. What is v(h)?
-6
Let r(n) = -60*n - 33. Let m(y) = 219*y + 138. Let f(l) = 4*m(l) + 15*r(l). Give f(0).
57
Suppose -5 = 5*w - 10, 0 = z + 3*w - 1903. Let o(l) = 6*l + z + 2*l - 1901. Determine o(-5).
-41
Let g be (1 + (-6)/10)/((-6)/(-30)). Suppose m - 42 = -b, g*m = -3*m - 3*b + 210. Let r be m/12 - (-5)/(-2). Let l(d) = -29*d**3 - 2*d**2 + 1. Determine l(r).
-30
Let m(d) be the third derivative of -d**6/120 - 4*d**5/15 + d**3/2 - 2*d**2. Let u be 110/(-7) - ((-1524)/(-42) + -36). Give m(u).
3
Let v(u) be the third derivative of u**4/6 + 13*u**3 - 3812*u**2. Give v(-14).
22
Let o(r) = 80*r - 21. Let u be o(3). Let f(c) = c**2 + 103 + 112 + 11*c - u. What is f(-10)?
-14
Let a(o) = -o**2 - 8*o - 6. Suppose 4*b = 6*b - 4*q - 16, -2*q = b + 4. Suppose -i = -b*t - 12, 0 = t - 5*t - 2*i - 16. What is a(t)?
9
Suppose 11*g = -8 + 52. Let k(x) = -g*x - 65 - 70 - 69 + 5*x + 197. Suppose q + 3 - 4 = 0, -3*p + q + 8 = 0. Calculate k(p).
-4
Let q(y) be the third derivative of y**6/120 - y**5/30 - y**4/4 - 2*y**3/3 + 17*y**2 - 81*y. What is q(0)?
-4
Let f = -100 - -105. Suppose -2*r = 0, 0*x + 12 = 2*x + f*r. Let h(j) = -j**2 + 5*j. Calculate h(x).
-6
Let l(d) = d**3 - 3*d**3 + 1 + 6*d**2 + d**3. Suppose 132*t + 1230 = 337*t. Give l(t).
1
Let h(v) = v**3 + 7*v**2 + 3*v + 8. Let o(p) = -p**2 + 27*p - 57. Let n be (-79 + 80)/((-1)/(-25)). Let c be o(n). Determine h(c).
-13
Let y(v) = -3*v - 7*v**3 + 20 - 18*v + 6*v**3 + 22*v**2 - v. Let j be y(21). Let u(s) = 1 + s + 3 - 2*s**2 - 3. Calculate u(j).
-2
Let g(r) = -r - 23. Let p(c) = 16 - 21 - 4 - 10 - c. Let t(x) = -3*g(x) + 4*p(x). Give t(-12).
5
Let z(w) = -2*w**2 - 5*w - 1. Let j(s) = 29*s**2 + 68*s + 112. Let o(i) = j(i) + 15*z(i). What is o(-14)?
-1
Let o(s) be the third derivative of -7*s**5/60 - s**4/8 - 4*s**3/3 - 794*s**2. Determine o(-2).
-30
Let f(i) = -4*i**3 - 4*i**3 - 3126 + 36*i**2 + 3165 + 6*i**3 - 2*i. What is f(18)?
3
Let k = -626 + 660. Suppose -49 = 3*t + 59. Let l = k + t. Let j(y) = -2*y - 2. Give j(l).
2
Let l(a) = -1881*a**2 - 1886*a**2 + 63 + 8 + 26*a + 3768*a**2 + 37. Give l(-21).
3
Let l(a) = 48*a - 317. Let x(j) = -5*j + 30. Let o(i) = -2*l(i) - 21*x(i). What is o(2)?
22
Let q(k) = -37*k**2 - 6*k. Let c(y) = -93*y**2 - 13*y. Let x(t) = -2*c(t) + 5*q(t). Let s = -2 + 0. Let o be ((-2)/s)/(3/9). Give x(o).
-3
Let h(i) be the third derivative of -i**6/120 - i**5/10 + i**4/24 - 3*i**2. Determine h(-6).
-6
Let r = -4 + -43. Let b = r - -44. Let n(g) be the first derivative of -g**2 - g + 4. What is n(b)?
5
Let v(a) = 8*a**2 - 56*a - 7. Suppose -6 = -3*p + 3*m, -79*p + 84*p - 45 = -2*m. Give v(p).
-7
Let v(g) = 27*g - 79. Let p(k) = k**3 + 17*k**2 - 429*k + 158. Let a be p(-31). Determine v(a).
2
Let q(z) be the second derivative of z**5/20 - 5*z**4/12 - 4*z**3/3 - 13*z**2/2 - 1439*z. Determine q(6).
-25
Let c(p) be the first derivative of p**4/4 - 8*p**3/3 + 3*p**2/2 - 8*p - 46. Let j = 915 + -907. What is c(j)?
16
Let j(i) = -i**2 - 6*i - 2. Let s be j(-7). Let g(d) = 45*d**2 - 35*d - 21. Let t(h) = -58*h**2 + 44*h + 28. Let l(u) = -9*g(u) - 7*t(u). Give l(s).
11
Let r(w) = 15*w + 1. Let u be r(-18). Let b = u + 272. Let t(o) = o**2 - 6*o. What is t(b)?
-9
Let v = -346 + 352. Let a(j) = 7*j - 8*j - v + 7 + 16. Give a(7).
10
Let o(a) = 2*a - 6. Let k = 77 - 73. Let s(d) = 2*d**2 - 3*d + 2. Let n be s(2). Suppose n*l = 3*l + k. What is o(l)?
2
Let r be ((-1660)/120 + 21/(-18))*(-2)/6. Let h(f) = -f**2 + 13*f - 46. Give h(r).
-6
Suppose -16*x = -48 - 32. Let i(k) = k - 20. Let s(p) = -p + 14. Let b(o) = x*i(o) + 7*s(o). What is b(-6)?
10
Let n = -78 + 82. Let y(s) be the first derivative of s**3/3 - s**2 - s + 938. Determine y(n).
7
Let k(j) = 29 + 26 + 4 + 10 + 14*j + 6. Let g(l) = -5*l - 25. Let c(w) = -17*g(w) - 6*k(w). Calculate c(0).
-25
Let k(m) = -m**2 - 16*m - 30. Suppose -14*g + 51 = 247. Calculate k(g).
-2
Suppose -4*z = -3*q + 22, 0 = 3*q - 4*z + 9*z + 14. Let w(i) be the first derivative of 1/3*i**3 - 41 + 4*i**q + 6*i. Calculate w(-8).
6
Let h(f) = f - 23. Let x(p) = 2*p - 22. Let k(g) = -3*h(g) + 2*x(g). Let y be k(0). Suppose 9*l + 20 + y = 0. Let t(r) = r - 6. Give t(l).
-11
Let m(d) = -2